{"id":717,"date":"2021-10-27T13:34:25","date_gmt":"2021-10-27T16:34:25","guid":{"rendered":"http:\/\/localhost\/wp-verouvindo-def\/?page_id=717"},"modified":"2022-09-21T23:50:18","modified_gmt":"2022-09-22T02:50:18","slug":"clipping","status":"publish","type":"page","link":"https:\/\/verouvindo.com.br\/6verouvindo\/clipping\/","title":{"rendered":"Clipping"},"content":{"rendered":"\r\n<h3><b>AGOSTO<\/b><\/h3>\r\n<hr \/>\r\n<h5><b>19\/08<\/b><\/h5>\r\n<p><span style=\"font-weight: 400;\">FolhaPE: <\/span><a href=\"https:\/\/www.folhape.com.br\/cultura\/festival-verouvindo-6a-edicao-acontece-em-novembro\/194478\/\"><span style=\"font-weight: 400;\">Festival VerOuvindo: 6\u00aa edi\u00e7\u00e3o acontece em novembro<\/span><\/a><\/p>\r\n<hr \/>\r\n<h5><b>20\/08<\/b><\/h5>\r\n<p><span style=\"font-weight: 400;\">Portal Cultura PE: <\/span><a href=\"http:\/\/www.cultura.pe.gov.br\/canal\/funcultura\/6a-edicao-do-festival-verouvindo-acontecera-em-novembro\/\"><span style=\"font-weight: 400;\">6\u00aa edi\u00e7\u00e3o do Festival VerOuvindo acontecer\u00e1 em novembro<\/span><\/a><\/p>\r\n<hr \/>\r\n<h5><b>23\/08<\/b><\/h5>\r\n<p><span style=\"font-weight: 400;\">Agenda Cultural do Recife: <\/span><a href=\"https:\/\/agendaculturaldorecife.blogspot.com\/2021\/08\/festival-verouvindo-divulga-6-edicao.html\"><span style=\"font-weight: 400;\">Festival VerOuvindo divulga 6\u00aa edi\u00e7\u00e3o para novembro de 2021<\/span><\/a><\/p>\r\n<p><span style=\"font-weight: 400;\">AgoraPE: <\/span><a href=\"https:\/\/agorape.blog.br\/2021\/08\/20\/6a-edicao-do-festival-verouvindo-acontecera-em-novembro\/\"><span style=\"font-weight: 400;\">6\u00aa edi\u00e7\u00e3o do Festival VerOuvindo acontecer\u00e1 em novembro<\/span><\/a><\/p>\r\n<p>&nbsp;<\/p>\r\n<h3><b>SETEMBRO<\/b><\/h3>\r\n<hr \/>\r\n<h5><b>13\/09<\/b><\/h5>\r\n<p><span style=\"font-weight: 400;\">Revista O Grito!; <\/span><a href=\"https:\/\/www.revistaogrito.com\/a-arte-e-excludente-quando-nao-se-tem-acesso-a-ela-diz-liliana-tavares-idealizadora-de-festival-de-cinema-totalmente-inclusivo\/\"><span style=\"font-weight: 400;\">&#8220;A arte \u00e9 excludente quando n\u00e3o se tem acesso a ela&#8221;, diz Liliana Tavares, idealizadora de festival de cinema totalmente inclusivo<\/span><\/a><\/p>\r\n<hr \/>\r\n<h5><b>15\/09<\/b><\/h5>\r\n<p><span style=\"font-weight: 400;\">Portal Cultura PE: <\/span><a href=\"http:\/\/www.cultura.pe.gov.br\/canal\/funcultura\/ultimos-dias-para-se-inscrever-no-6o-festival-verouvindo\/\"><span style=\"font-weight: 400;\">\u00daltimos dias para se inscrever no 6\u00ba Festival VerOuvindo<\/span><\/a> <a href=\"http:\/\/www.cultura.pe.gov.br\/canal\/funcultura\/ultimos-dias-para-se-inscrever-no-6o-festival-verouvindo\/\"><span style=\"font-weight: 400;\">PE<\/span><\/a><\/p>\r\n<hr \/>\r\n<h5><b>16\/09<\/b><\/h5>\r\n<p><span style=\"font-weight: 400;\">Anchieta Gueiros: <\/span><a href=\"https:\/\/www.anchietagueiros.com.br\/2021\/09\/ultimos-dias-para-se-inscrever-no-6.html\"><span style=\"font-weight: 400;\">\u00daltimos dias para se inscrever no 6\u00ba Festival VerOuvindo<\/span><\/a><\/p>\r\n<hr \/>\r\n<h5><b>26\/09\u00a0<\/b><\/h5>\r\n<p><span style=\"font-weight: 400;\">Frei Caneca FM: <\/span><a href=\"http:\/\/www.freicanecafm.org\/acessibilidade-autoestima-e-cultura-sao-pautas-na-semana-da-frei-caneca-fm\"><span style=\"font-weight: 400;\">Acessibilidade, autoestima e cultura s\u00e3o pautas na semana da Frei Caneca FM | Frei Caneca FM<\/span><\/a><\/p>\r\n<hr \/>\r\n<h5><b>28\/09<\/b><\/h5>\r\n<p><span style=\"font-weight: 400;\">Salada Pop:<\/span>\u00a0<a href=\"https:\/\/www.mixcloud.com\/FreiCanecaFM\/salada-pop-6o-festival-verouvindo-com-liliana-tavares\/\"><span style=\"font-weight: 400;\">Salada POP &#8211; 6\u00ba Festival VerOuvindo com Liliana Tavares<\/span><\/a><\/p>\r\n<p><span style=\"font-weight: 400;\">Salada Pop: <\/span><a href=\"https:\/\/www.youtube.com\/watch?v=4wSPSIrVKag\"><span style=\"font-weight: 400;\">#SaladaPop 28\/09 &#8211; 6\u00ba Festival VerOuvindo (Liliana Tavares)<\/span><\/a><\/p>\r\n<p>&nbsp;<\/p>\r\n<h3><b>OUTUBRO<\/b><\/h3>\r\n<hr \/>\r\n<h5><b>13\/10<\/b><\/h5>\r\n<p><span style=\"font-weight: 400;\">Portal Cultura PE: <\/span><a href=\"http:\/\/www.cultura.pe.gov.br\/canal\/funcultura\/6o-verouvindo-anuncia-filmes-selecionados-para-sua-programacao\/\"><span style=\"font-weight: 400;\">6\u00ba VerOuvindo anuncia filmes selecionados para sua programa\u00e7\u00e3o<\/span><\/a> <a href=\"http:\/\/www.cultura.pe.gov.br\/canal\/funcultura\/6o-verouvindo-anuncia-filmes-selecionados-para-sua-programacao\/\"><span style=\"font-weight: 400;\">em novembro<\/span><\/a><\/p>\r\n<hr \/>\r\n<h5><b>14\/10<\/b><\/h5>\r\n<p><span style=\"font-weight: 400;\">FolhaPE: <\/span><a href=\"https:\/\/www.folhape.com.br\/cultura\/festival-verouvindo-divulga-lista-de-curtas-e-trabalhos-selecionados\/201595\/\"><span style=\"font-weight: 400;\">Festival VerOuvindo divulga lista de curtas e trabalhos selecionados para edi\u00e7\u00e3o<\/span><\/a><\/p>\r\n<hr \/>\r\n<h5><b>20\/10<\/b><\/h5>\r\n<p><span style=\"font-weight: 400;\">Folha PE: <\/span><a href=\"https:\/\/www.folhape.com.br\/cultura\/6o-verouvindo-inscreve-para-curso-gratuito-de-libras-para-cinema\/202448\/\"><span style=\"font-weight: 400;\">6\u00ba VerOuvindo inscreve para curso gratuito de Libras para cinema<\/span><\/a><\/p>\r\n<p><span style=\"font-weight: 400;\">Portal FioCruz: <\/span><a href=\"https:\/\/portal.fiocruz.br\/noticia\/curta-da-videosaude-concorre-na-mostra-competitiva-verouvindo\"><span style=\"font-weight: 400;\">Curta da VideoSa\u00fade concorre na mostra competitiva VerOuvindo<\/span><\/a><\/p>\r\n<hr \/>\r\n<h5><b>21\/10<\/b><\/h5>\r\n<p><span style=\"font-weight: 400;\">LibraSol: <\/span><a href=\"https:\/\/www.librasol.com.br\/6o-verouvindo-inscreve-para-curso-gratuito-de-libras-para-cinema\/\"><span style=\"font-weight: 400;\">6\u00ba VerOuvindo inscreve para curso gratuito de Libras para cinema<\/span><\/a><\/p>\r\n<hr \/>\r\n<h5><b>27\/10<\/b><\/h5>\r\n<p><span style=\"font-weight: 400;\">Di\u00e1rio de PE: <\/span><a href=\"https:\/\/www.diariodepernambuco.com.br\/noticia\/viver\/2021\/10\/festival-verouvindo-anuncia-programacao-da-sua-6-edicao.html\"><span style=\"font-weight: 400;\">Festival VerOuvindo anuncia programa\u00e7\u00e3o da sua 6\u00ba edi\u00e7\u00e3o<\/span><\/a><\/p>\r\n<p>&nbsp;<\/p>\r\n<h3><b>NOVEMBRO<\/b><\/h3>\r\n<hr \/>\r\n<h5><b>09\/11<\/b><\/h5>\r\n<p><span style=\"font-weight: 400;\">Portal Cultura PE: <\/span><a href=\"http:\/\/www.cultura.pe.gov.br\/canal\/funcultura\/6o-festival-verouvindo-comeca-nesta-quarta-feira-10\/\"><span style=\"font-weight: 400;\">6\u00ba Festival VerOuvindo come\u00e7a nesta quarta-feira (10)<\/span><\/a><\/p>\r\n<p><span style=\"font-weight: 400;\">Folha PE: <\/span><a href=\"https:\/\/www.folhape.com.br\/cultura\/6o-verouvindo-abre-espaco-para-cinema-acessivel-nesta-quarta-10\/205003\/\"><span style=\"font-weight: 400;\">6\u00ba VerOuvindo abre espa\u00e7o para cinema acess\u00edvel nesta quarta (10)<\/span><\/a><\/p>\r\n<p><span style=\"font-weight: 400;\">Jornal do Commercio: <\/span><a href=\"https:\/\/jc.ne10.uol.com.br\/cultura\/2021\/11\/13623874-confira-a-programacao-do-6-festival-verouvindo-com-estreias-classicos-com-acessibilidade-e-filmes-pernambucanos.html\" target=\"_blank\" rel=\"noopener\">Confira a programa\u00e7\u00e3o do 6\u00ba Festival VerOuvindo, com estreias, cl\u00e1ssicos com acessibilidade e filmes pernambucanos<\/a><\/p>\r\n<p><span style=\"font-weight: 400;\">Giro Mata Norte: <\/span><a href=\"https:\/\/giro.matanorte.com\/regioes\/zona-da-mata\/nazare-da-mata\/6o-verouvindo-estreia-com-curtas-pernambucanos-acessiveis-em-nazare-e-vitoria-nesta-quarta-10\/\"><span style=\"font-weight: 400;\">6\u00ba VerOuvindo estreia com curtas pernambucanos acess\u00edveis em Nazar\u00e9 e Vit\u00f3ria nesta quarta (10) \u00bb Giro Mata Norte<\/span><\/a><\/p>\r\n<p><span style=\"font-weight: 400;\">Blog do Banana: <\/span><a href=\"https:\/\/ricardobanana.com.br\/festival-abre-espaco-para-cinema-acessivel-a-partir-de-amanha-10\/\"><span style=\"font-weight: 400;\">FESTIVAL abre espa\u00e7o para cinema acess\u00edvel a partir de amanh\u00e3 (10)<\/span><\/a><\/p>\r\n","protected":false},"excerpt":{"rendered":"<p>AGOSTO 19\/08 FolhaPE: Festival VerOuvindo: 6\u00aa edi\u00e7\u00e3o acontece em novembro 20\/08 Portal Cultura PE: 6\u00aa edi\u00e7\u00e3o do Festival VerOuvindo acontecer\u00e1 em novembro 23\/08 Agenda Cultural do Recife: Festival VerOuvindo divulga 6\u00aa edi\u00e7\u00e3o para novembro de 2021 AgoraPE: 6\u00aa edi\u00e7\u00e3o do Festival VerOuvindo acontecer\u00e1 em novembro &nbsp; SETEMBRO 13\/09 Revista O Grito!; &#8220;A arte \u00e9 excludente [&hellip;]<\/p>\n","protected":false},"author":4,"featured_media":0,"parent":0,"menu_order":0,"comment_status":"closed","ping_status":"closed","template":"","meta":[],"_links":{"self":[{"href":"https:\/\/verouvindo.com.br\/6verouvindo\/wp-json\/wp\/v2\/pages\/717"}],"collection":[{"href":"https:\/\/verouvindo.com.br\/6verouvindo\/wp-json\/wp\/v2\/pages"}],"about":[{"href":"https:\/\/verouvindo.com.br\/6verouvindo\/wp-json\/wp\/v2\/types\/page"}],"author":[{"embeddable":true,"href":"https:\/\/verouvindo.com.br\/6verouvindo\/wp-json\/wp\/v2\/users\/4"}],"replies":[{"embeddable":true,"href":"https:\/\/verouvindo.com.br\/6verouvindo\/wp-json\/wp\/v2\/comments?post=717"}],"version-history":[{"count":11,"href":"https:\/\/verouvindo.com.br\/6verouvindo\/wp-json\/wp\/v2\/pages\/717\/revisions"}],"predecessor-version":[{"id":1579,"href":"https:\/\/verouvindo.com.br\/6verouvindo\/wp-json\/wp\/v2\/pages\/717\/revisions\/1579"}],"wp:attachment":[{"href":"https:\/\/verouvindo.com.br\/6verouvindo\/wp-json\/wp\/v2\/media?parent=717"}],"curies":[{"name":"wp","href":"https:\/\/api.w.org\/{rel}","templated":true}]}}